2120202
In base 15, what is -1a1a22 + 5?
-1a1a1c
In base 10, what is -5 + 3954?
3949
In base 13, what is -74c8c + -17?
-74ca6
In base 4, what is -20110320 + -3?
-20110323
In base 12, what is 5 + -3b5aa?
-3b5a5
In base 16, what is 5 + 265a6?
265ab
In base 8, what is 76357 - 12?
76345
In base 2, what is 10100000011 + 101010?
10100101101
In base 12, what is -3a71 + -21?
-3a92
In base 5, what is -1121024 - 224?
-1121303
In base 14, what is bc - 11a?
-3c
In base 7, what is 5 - -15410?
15415
In base 4, what is 30 - -103310?
110000
In base 15, what is -4 - -62b6?
62b2
In base 13, what is -1 + 77175?
77174
In base 9, what is 50 + -34101?
-34041
In base 11, what is -2 + aaa0?
aa99
In base 14, what is c + -92944?
-92936
In base 16, what is 194 + 62?
1f6
In base 4, what is 132221 - 113321?
12300
In base 2, what is 11011100110101 + 0?
11011100110101
In base 9, what is -3 - -35481?
35477
In base 12, what is -559 + a95?
538
In base 2, what is -110 - -1011101011101110?
1011101011101000
In base 4, what is 2110231000 + -1?
2110230333
In base 10, what is -7 + 1701?
1694
In base 8, what is 411 + -136?
253
In base 2, what is 111011010 - -1101011000?
10100110010
In base 5, what is 32 - -2234?
2321
In base 7, what is 2503133 - 5?
2503125
In base 9, what is -1050 + -208?
-1258
In base 13, what is 19 + -1473?
-1457
In base 3, what is -20120 - -122211?
102021
In base 11, what is 55 + 9211?
9266
In base 12, what is -ba + 638?
53a
In base 2, what is -111 - 10001110111010101?
-10001110111011100
In base 5, what is -212 - 11143?
-11410
In base 11, what is 284610 + -3?
284608
In base 8, what is -1332 + 33?
-1277
In base 12, what is -2 - -6242?
6240
In base 13, what is -16085 + -3?
-16088
In base 6, what is -20354 + 215?
-20135
In base 16, what is -4 + 32f5f?
32f5b
In base 2, what is -110111 - 10001000100?
-10001111011
In base 9, what is 1154 + 1173?
2337
In base 7, what is -5 + 201543?
201535
In base 6, what is -1523433 - 5?
-1523442
In base 4, what is -103 - -2223121?
2223012
In base 6, what is 1323 - 513?
410
In base 9, what is -643511 + -1?
-643512
In base 8, what is 747605 + 4?
747611
In base 14, what is b - 118d9?
-118cc
In base 4, what is -23230312 + -1?
-23230313
In base 3, what is 11 + -2000222?
-2000211
In base 9, what is 1663 + 5637?
7411
In base 15, what is -1 + -2e34?
-2e35
In base 15, what is 3964 + 7?
396b
In base 15, what is 2c + b5?
e2
In base 14, what is -c + 21c?
210
In base 9, what is -2256 + 13?
-2243
In base 3, what is 12111 - -1001021?
1020202
In base 12, what is -4327 - -1?
-4326
In base 7, what is 42642 + 2?
42644
In base 2, what is -100010110100 + -110?
-100010111010
In base 7, what is 1336 + 6240?
10606
In base 4, what is 2 - -103102?
103110
In base 11, what is -7 + 5073?
5067
In base 8, what is -13 + 4353?
4340
In base 8, what is 75074 - 4?
75070
In base 11, what is 182844 + 4?
182848
In base 16, what is -2 + 253e?
253c
In base 4, what is 11 - 20201013?
-20201002
In base 7, what is -523 + 4625?
4102
In base 14, what is 3 - -c56b?
c570
In base 8, what is 3 - 26021?
-26016
In base 10, what is -5 + 101429?
101424
In base 10, what is 76486 - -38?
76524
In base 13, what is -3b9b9 - 4?
-3b9c0
In base 7, what is 4153 + 404?
4560
In base 9, what is -1170 + -74?
-1254
In base 4, what is 2232113 + 310?
2233023
In base 6, what is 11005 - -15?
11024
In base 3, what is 11001 - 2102?
1122
In base 14, what is -2 + 43bd1?
43bcd
In base 12, what is -4 + 173b62?
173b5a
In base 12, what is -2 - -2838a?
28388
In base 10, what is -19552 - 3?
-19555
In base 9, what is -737 - 267?
-1115
In base 15, what is 72e - -800?
102e
In base 12, what is -6100 - 183?
-6283
In base 13, what is 7cb79 - 5?
7cb74
In base 11, what is -132 - 1930?
-1a62
In base 7, what is 42 - 4523?
-4451
In base 14, what is -c69 - 10?
-c79
In base 4, what is -3021223213 + 0?
-3021223213
In base 10, what is -2113 + -27?
-2140
In base 5, what is 1324 + -112?
1212
In base 15, what is 23a7c + 3?
23a80
In base 4, what is 220 - 20?
200
In base 2, what is 1001111 + 1000010110101?
1000100000100
In base 4, what is 3 + 20031213?
20031222
In base 9, what is 17 + 5?
23
In base 7, what is 22 + -156?
-134
In base 11, what is -673 + -3a6?
-a69
In base 7, what is -40024466 - 5?
-40024504
In base 10, what is -2 + -25340?
-25342
In base 11, what is 10 + 8962?
8972
In base 7, what is 126006 + 346?
126355
In base 5, what is 12 + -3332031?
-3332014
In base 15, what is 2 - 532?
-530
In base 4, what is 1111 - -13322?
21033
In base 2, what is -101 + -10101010100?
-10101011001
In base 16, what is 37ed - 38?
37b5
In base 11, what is 10 - -61950?
61960
In base 11, what is -3a11 - -622?
-339a
In base 12, what is -24263 - 4?
-24267
In base 7, what is -44261 + 3?
-44255
In base 14, what is -1 - -abb6?
abb5
In base 2, what is 10001101 + -1000111111100?
-1000101101111
In base 16, what is -d + 20b?
1fe
In base 7, what is -450056 - 3?
-450062
In base 3, what is -12112212 - -1?
-12112211
In base 15, what is 1 - -30d2?
30d3
In base 8, what is -3 + -32451?
-32454
In base 12, what is -1377 + -9?
-1384
In base 13, what is -3aba - 22?
-3b0c
In base 9, what is 74 - 8338?
-8254
In base 15, what is 5c1 - -11?
5d2
In base 15, what is -55cd6 + 3?
-55cd3
In base 2, what is -1011111 - 1011111011?
-1101011010
In base 2, what is 11101100011101 - 10010111?
11101010000110
In base 12, what is 35 - 348b?
-3456
In base 15, what is b9747d - -5?
b97483
In base 11, what is 2 + 153369?
153370
In base 16, what is 9754 - 65?
96ef
In base 5, what is -10 + 42002?
41442
In base 3, what is -10 - -1100210?
1100200
In base 11, what is 107 - 1260?
-1154
In base 9, what is 4 + 10141?
10145
In base 11, what is 19 - 11a9?
-1190
In base 6, what is -1 - 24521?
-24522
In base 6, what is 342212204 - 0?
342212204
In base 15, what is 968 - 6d?
8ea
In base 9, what is 4 + 260238?
260243
In base 11, what is 48 - 29?
1a
In base 12, what is -4 + 246a5?
246a1
In base 6, what is -1543 + -101?
-2044
In base 11, what is -22 - 3a45?
-3a67
In base 3, what is 1121200002 - 102?
1121122200
In base 6, what is -1 + -43313?
-43314
In base 15, what is 3 + 26c2?
26c5
In base 12, what is 31 - 3b982?
-3b951
In base 7, what is 13 - 441455?
-441442
In base 14, what is -56c8d + 5?
-56c88
In base 16, what is -45b + 1e2?
-279
In base 13, what is -5 - 2956?
-295b
In base 13, what is 6 + -161c60?
-161c57
In base 15, what is 24a + -23e1?
-2196
In base 4, what is 1 + -10113033?
-10113032
In base 3, what is 201221 + 212111?
1121102
In base 6, what is -4 - -101444?
101440
In base 5, what is -11201332 + 23?
-11201304
In base 15, what is 2376c - -5?
23772
In base 4, what is -201 + 32111?
31310
In base 14, what is -13c - 2581?
-26bd
In base 12, what is 129a4 + 20?
12a04
In base 4, what is 2300 + -233?
2001
In base 10, what is -16185 + 77?
-16108
In base 12, what is -10 + 99?
89
In base 13, what is -4 - 5287?
-528b
In base 16, what is -2 - 1063?
-1065
In base 5, what is -12431331 - 1?
-12431332
In base 9, what is 1 + 13480?
13481
In base 14, what is 1 + 78617?
78618
In base 5, what is 12 - 3012?
-3000
In base 8, what is -205777 - -1?
-205776
In base 10, what is -4126784 - 0?
-4126784
In base 7, what is 13 + -200044?
-200031
In base 12, what is -1b6825 + -1?
-1b6826
In base 12, what is 6 - 105615?
-10560b
In base 5, what is -441020110 - 1?
-441020111
In base 13, what is -37 + 579?
542
In base 4, what is 11322232 - 2?
11322230
In base 10, what is 7 + 36776?
36783
In base 15, what is -9e0a - -3?
-9e07
In base 11, what is 2 - 30386?
-30384
In base 16, what is d - 147?
-13a
In base 10, what is 495 + -49?
446
In base 11, what is -91520 + -2?
-91522
In base 16, what is 1921 + -1ad?
1774
In base 8, what is 4 + 136623?
136627
In base 14, what is 1 - -54c3a?
54c3b
In base 11, what is -a60 - 4a?
-aaa
In base 8, what is 24 + -1464?
-1440
In base 3, what is -2002121 - -12?
-2002102
In base 14, what is -5b - 102b?
-1088
In base 15, what is -3 + -2d18b?
-2d18e
In base 4, what is -21101 + -1122220?
-1203321
In base 13, what is 0 - -91ac4?
91ac4
In base 7, what is 263 - -4102?
4365
In base 16, what is 78ff + -f?
78f0
In base 16, what is -3 + 22546?
22543
In base 8, what is -454630 - -3?
-454625
In base 12, what is 2 + 4a9a?
4aa0
In base 15, what is 32b6c - 2?
32b6a
In base 11, what is -5 + -27913?
-27918
In base 12, what is 